1/24*n**4 + 3*n**2 - 1/30*n**5 + 0*n**3. What is the units digit of v(1)?
4
Suppose 5*z - 5 = -25. Let f = 0 - z. What is the units digit of f?
4
Let a = 3 + -4. Let b(w) = -w**3 + w**2 + w + 1. Let k be b(a). Suppose -2*l + 5 = 5*g, 4*l + k*g + 5 - 55 = 0. What is the units digit of l?
5
Let m(d) = d**2 - 4*d + 2. Suppose 3*r - 14 - 1 = 0. Let j be m(r). What is the units digit of j - (1 + (0 - -2))?
4
Let s(p) = -3*p**3 + 2*p**2 + 3*p + 1. Let u be s(-2). Suppose d - u = 3*y + y, 2*d + 5*y = -11. What is the units digit of d?
7
Let c be -1 + 10 + (-2 - -3). Let x = -8 + c. What is the units digit of x?
2
Suppose 5*b - 5 = -3*p, 0 = 2*b - 8*p + 3*p + 29. Let v = b + 6. Suppose 5*u - 2 = -3*m, 2*m - u = 6 + v. What is the units digit of m?
4
Let d(z) = -2*z**3 - 6*z**2 - 5*z - 5. Suppose -3 = r + 1. Let s be d(r). Suppose q + 6*l = l - 17, 3*l = 4*q - s. What is the units digit of q?
8
Suppose -4*m = -24 - 4. Let v = 4 + m. What is the units digit of v?
1
Let h be (-4)/2*4/(-2). Suppose -165 = -b - h*b. Let s = -16 + b. What is the tens digit of s?
1
Let h(q) = q**3 - q**2 + q - 1. Let b(x) = -2*x**3 + 2*x**2 - 3*x + 8. Let t(j) = b(j) + 3*h(j). Let f = 0 - 0. What is the units digit of t(f)?
5
Let x(w) = -w**2 - 4*w. Let d be x(-3). Suppose 20 = h - 2*o - d*o, 0 = -o - 1. What is the units digit of h?
5
Let f = -8 - -8. Suppose f*l = l - 1. What is the units digit of l?
1
What is the tens digit of ((-15)/2 - 3)/(5/(-90))?
8
Let x = -50 - -125. What is the tens digit of x?
7
Suppose 3*b + 2*s - 273 = -s, -88 = -b + 2*s. What is the units digit of b?
0
Suppose -178 - 106 = -2*u. What is the hundreds digit of u?
1
Suppose -4 - 5 = -3*u. Let q(i) = 5*i + 11. Let m(h) = 3*h + 6. Let x(d) = 7*m(d) - 4*q(d). What is the units digit of x(u)?
1
Let a be (28/(-6))/(10/(-15)). Suppose r = -p + 8, -p + a*r - 10 = 2*r. What is the units digit of p?
5
Let t = -19 - -40. Suppose -2*l + t = -69. What is the units digit of l?
5
Let w(y) = 2*y - 8. Let i be w(7). Let v be (-4)/12 - (-32)/i. Suppose b = -3*b + 3*p + 16, v*p = 0. What is the units digit of b?
4
Suppose 9 = 4*a + 2*u + u, 0 = -2*a + 2*u + 22. Let p = a - 4. What is the units digit of p - (-2 - -4 - 1)?
1
Suppose 0 = 2*g - 7*g - 60. What is the units digit of 4*(3 - (-33)/g)?
1
Let s be 150/4 + (-3)/(-2). Let z = s - 95. What is the units digit of 3/(-9) - z/6?
9
What is the tens digit of -10*(2/4 - 399/70)?
5
Suppose -275 = -5*q - 5*t, -t = -3*q + 177 - 24. What is the tens digit of q?
5
What is the tens digit of (-93 + 0)*14/(-42)?
3
Let q(h) = 3*h - 11. Let f be q(8). Suppose n - 2*n + f = 0. What is the units digit of n?
3
Suppose 4*i - 90 = 70. Let o = 87 - i. What is the units digit of o?
7
Let q(a) = -3*a + 2. What is the units digit of q(-2)?
8
Let t = -1 - 1. Let u(s) = -s**3 + 2. What is the units digit of u(t)?
0
What is the units digit of (931/(-21))/((-5)/(-3) + -2)?
3
What is the tens digit of 1 + 59/(-1 + (-8)/(-4))?
6
Let z(d) = -d**3 + 2 - 2*d + 5*d - 4*d + 4*d**2. Let w be z(3). Let g = w + -1. What is the units digit of g?
7
Let i(r) = 8*r**2 - 2*r + 2. Let x be i(2). Let b = 44 - x. What is the units digit of b?
4
Suppose -136 = -5*j + 114. What is the units digit of j?
0
Suppose -4*h = -0*f + 4*f - 100, -2*f = -5*h + 153. What is the units digit of h?
9
Let v = -10 + 7. Let k = v + 12. Suppose x - 3*r = -2*r + k, 5*r = -x - 9. What is the units digit of x?
6
Let q(v) = 4*v**2 + 3. Let o be q(-3). What is the units digit of 4/(-5) + o/5?
7
Suppose -6*g + 3*g = -9. Let j(w) = -1 - 1 + 1 - w**3 + 2*w**2 + 4*w. What is the units digit of j(g)?
2
Suppose 5*t = -0*t - 45. What is the units digit of t/2*(-20)/6?
5
Suppose 5*z + 0 = 10. Suppose -5*k + 123 = 28. Suppose -15 = -5*t, k = 4*c + c - z*t. What is the units digit of c?
5
Let g(u) = -u**3 - 6*u**2 + 7*u + 5. Let p be g(-7). Suppose 2*q = -p*f + 180, 4*q - 2*q - 108 = -3*f. What is the tens digit of f?
3
Suppose 12 - 2 = 5*v. Suppose 2*u = 3*u - v. What is the units digit of (-1)/(-3)*42/u?
7
Let m = 14 + 0. What is the units digit of m?
4
Suppose 5 = 3*p - 2*p, -5*k + 45 = 4*p. Suppose -2*r = 3*h + h - 66, 0 = k*r - 4*h - 151. What is the units digit of r?
1
Let i(x) = x**2 - 9*x + 2. Let q be i(9). What is the units digit of 39/9 - q/(-3)?
5
Let f be 2/7 + (-4)/14. Let o be (-504)/(-15) - 2/(-5). Suppose f = -2*z + 5*g + o, -z - 4*z - g = -31. What is the units digit of z?
7
Suppose -d + 10 - 38 = 0. Let k = 52 + d. Suppose 4*n - k = -4*s, -2*s = -0*n - 5*n - 19. What is the units digit of s?
7
Let y = -1 + 1. Let l(h) = h**3 + h**2 - h + 2. What is the units digit of l(y)?
2
Suppose 3*j = -5 + 23. Suppose 0 = -5*r + g + 41, g + 20 = j*g. What is the units digit of (-3)/r - 38/(-6)?
6
Let d = 4 - 4. Suppose 3*w - 5*w - 5*l - 6 = d, 3*l = 2*w + 22. Let a = -4 - w. What is the units digit of a?
4
Suppose -3 = 2*i + 1. What is the units digit of -2 + (i + 0 - -7)?
3
Let q(v) = v. What is the units digit of q(4)?
4
Suppose -4*r - 14 = 6. What is the units digit of (4/r)/((-1)/10)?
8
Suppose 5*u + 0*u = 175. Suppose n + 13 = u. What is the tens digit of n?
2
Let j(i) = 2*i**2 + i**2 - 2*i**2 + 5 + 3*i - 2. What is the units digit of j(-3)?
3
Suppose -3*i + 4*i - 41 = d, -2*d = 5*i - 240. What is the tens digit of i?
4
Suppose 125 = 3*q + 11. What is the tens digit of q?
3
Let t be (2/5)/(5/75). Suppose 3*b - 3*j + t + 3 = 0, -2*j = 3*b - 16. Suppose z - 20 = -4*s, -z = b*s - 3*z - 20. What is the units digit of s?
6
Suppose -3*n + 15 + 21 = 0. Suppose 2 = n*g - 11*g. What is the units digit of g?
2
Let m = 21 - 5. What is the tens digit of m?
1
Let v(o) = o**3 - 15*o**2 + 15*o - 17. Let k be v(14). What is the units digit of 9/k*1 + 14?
1
Let j be -2*1/(4/(-18)). Suppose u - 5*u - j = 3*a, -a = -4*u + 3. Suppose -4*q = -u*q - 44. What is the tens digit of q?
1
Let a be (-24)/(-14) + (-2)/(-7). Let j be (a*-1)/(4/(-8)). Suppose -10 = -j*l + h - 2*h, -6 = -3*h. What is the units digit of l?
2
Let d(h) = 24*h - 7. What is the units digit of d(3)?
5
Let r be 3/((-9)/12 + 1). Suppose 0*q - r = -2*q. What is the tens digit of 3*q/2 - -2?
1
Let m = -27 - -83. What is the units digit of m?
6
Suppose 0 = c + c + 108. Let w be (0 - -2)*c/(-4). Let m = -18 + w. What is the units digit of m?
9
Suppose 5*h = -5*h + 3180. What is the units digit of h?
8
Suppose 0*c + c - 2 = 0, -v - 4*c + 11 = 0. What is the units digit of v?
3
Suppose -f = 2, 2*d - 4*d - 5*f = 16. Let m(g) = g**2 + 2*g - 4. Let i be m(-5). What is the units digit of i + -1 + d + 2?
9
Suppose 0 = -2*w + 6, w = 2*i + 2*w - 13. Suppose 5*f = -0*f + 150. Suppose -i*v + 5 = -f. What is the units digit of v?
7
Let y(k) = -k**3 - 3*k + 5. Let x be y(-4). Suppose -2*z + z + 19 = -w, 4*z + w - x = 0. What is the units digit of z?
0
Let j be (-1 - (-1 + 0))/2. Suppose 2*f - 1 = -v, f - 3*v + 2*v - 8 = j. Suppose -4*s - 6 = -f*r, 0 = 3*r - 5*s - 3 - 3. What is the units digit of r?
2
Let k(p) = -p**2 + 8*p - 6. Let j(a) = a**2 - 7*a + 5. Let i(b) = 2*j(b) + 3*k(b). What is the units digit of i(6)?
6
Let x(i) = -2*i**2 + 2*i + 53. What is the tens digit of x(0)?
5
Let u(m) = 3*m**2 - 3*m + 1. Suppose -6 = -5*i - 2*h, 2*i - 6*h + 2*h - 12 = 0. What is the units digit of u(i)?
7
Suppose 2*j - w - 110 = 16, 0 = -j - 4*w + 72. What is the tens digit of j?
6
Let k be 0/(-2 + 0/(-1)). Suppose -4*o = 2*t + t - 17, 2*t - 3*o = k. What is the units digit of t?
3
Let y(r) = r**3 - 3*r**2 + 3*r - 2. Let a be y(3). Let d = 10 - 9. What is the units digit of (-3 + d)*a/(-2)?
7
Let p be 32/18 - (-10)/45. Suppose -190 = -7*r + p*r. What is the units digit of r?
8
Let l(b) = -b**3 + 6*b**2 + b - 5. Let q be l(6). Let g = q - 3. What is the units digit of 0/1 - 12/g?
6
Suppose -5*b - 3*t = -529, -t - 123 - 200 = -3*b. What is the hundreds digit of b?
1
Let x = 112 + -57. What is the tens digit of x?
5
Let r(x) = -x**3 + 9*x**2 - 5*x - 4. What is the units digit of r(6)?
4
Let s = 1 - -7. Suppose 3*h - s - 7 = 0. Let n(g) = g + 2. What is the units digit of n(h)?
7
Suppose o = 6*w - 2*w + 61, -5*w = 3*o + 55. Let n = w + 32. Let p = -4 + n. What is the units digit of p?
4
Suppose 0 = -2*s + 5*f - 4, -5*f = -0*s + 2*s - 16. Suppose 118 = 3*p - q, p - s*q - 34 = -4*q. What is the tens digit of p?
3
Sup